 5*v + 166 = 0. Calculate the highest common factor of 4 and f.
4
Suppose -2*a - 65 = -7*a. Let k be (-8)/12 + 353/3. Suppose -d - k = -4*d. What is the greatest common divisor of a and d?
13
Let d be (-4)/(-6) - (-174)/(-18). Let s = 23 + -5. Let k = s + d. What is the highest common factor of k and 45?
9
Suppose 2*v = 7*v - 60. Let q be ((-24)/14)/(5/(-350)). Calculate the greatest common factor of v and q.
12
Suppose 5*i + z - 43 = 0, -2*z = -2*i + 4 + 6. Let p(h) = -h**2 - 5*h + 1. Let b be p(-5). Calculate the highest common divisor of b and i.
1
Suppose 3*o + 96 = 4*o. Suppose -2*u + 0*u = -32. Calculate the highest common factor of o and u.
16
Suppose 3*j - 2*y = -2*j + 319, 53 = j - 4*y. Let i = 10 + -15. Let c = 18 + i. Calculate the highest common factor of j and c.
13
Let r be 4/1*15/10. Calculate the greatest common divisor of 15 and r.
3
Let d be (9 - (3 + -6)) + 1. Suppose 0 = -2*k + d + 15. Let z = 25 - k. What is the highest common divisor of 22 and z?
11
Let n be 8*-2*(-3)/(-12). Let x be ((-9)/n)/(3/24). Let s(k) = 2*k**2 + 4*k + 3. Let v be s(-3). Calculate the highest common factor of x and v.
9
Let d be (-1)/((-4 - -7)/(-3)). Let r = d + 5. What is the highest common divisor of 6 and r?
6
Suppose 35 = 4*k + k. Suppose 4*v + 32 = 5*r, 3*r = 2*v - 4*v + 6. Let i(h) = h**3 - h**2 + h + 4. Let f be i(r). What is the highest common divisor of k and f?
7
Let w = 10 + -2. Let f(q) be the second derivative of -q**3/2 - 3*q**2/2 - q. Let k be f(-5). Calculate the greatest common factor of w and k.
4
Let x(i) = -i. Let t(g) = -5*g. Let w(f) = -t(f) + 4*x(f). Let u be w(6). Calculate the greatest common divisor of u and 24.
6
Let j(o) = 21*o**2 - 4*o - 3. Let k be j(-1). Calculate the highest common divisor of k and 176.
22
Let r(y) = -8*y + 11. Let g be r(-5). Let h = 1 + g. What is the highest common factor of h and 13?
13
Suppose 0 = -4*q + 16 + 32. Calculate the highest common divisor of 96 and q.
12
Suppose -4*p = 4*c - 4, -2*p - p - 15 = 0. Suppose 2*b - 2*a = 4*b + c, 0 = -2*b + a + 9. Calculate the highest common divisor of b and 6.
2
Let p be 11/(44/96)*(-60)/(-16). Let z be 11 - (0 + 0 - -1). What is the greatest common divisor of z and p?
10
Suppose 7 = 3*n - 8. Let l be n/((-30)/8)*87. Let u = 171 + l. Calculate the highest common divisor of 22 and u.
11
Suppose o + 279 = 3*o + 5*w, w = -2*o + 267. Let y = o + -92. Calculate the greatest common factor of y and 5.
5
Suppose -5*a + 585 = 3*s, 6*s - 3*s = -3*a + 351. Calculate the greatest common divisor of 9 and a.
9
Suppose 0 = 3*r + n - 36, n - 24 = 2*r - 4*r. What is the highest common divisor of r and 84?
12
Let g(t) = t - 5. Let s be g(8). Suppose s*p = -5*i + 352, -3*i + 3*p + 192 = -0*p. Calculate the greatest common divisor of 17 and i.
17
Suppose -q - 4*q + 160 = 0. Suppose 4*h - 3 = 13. What is the highest common factor of h and q?
4
Suppose i + 3*i = 0. Suppose i = 5*s - 6 - 4. Let b = 33 + s. What is the greatest common divisor of 14 and b?
7
Let y be (-195)/(-1) - 15/(-5). Calculate the greatest common factor of y and 18.
18
Let u be (24/(-5))/(4/(-80)). What is the highest common divisor of 12 and u?
12
Let b = 2 - -19. Let q be 17/((b/(-9))/(-7)). Let p = -46 + 80. What is the greatest common divisor of p and q?
17
Let q = -294 + -19. Let o = -146 - q. Suppose o + 53 = 5*k. Calculate the highest common divisor of 11 and k.
11
Let s = -8 - -13. Suppose -m = -s*m + 144. Suppose 3*v - 1 = 11. What is the greatest common divisor of m and v?
4
Let w(u) = -u - 5. Let k be (1*-3 + -2)*1. Let b(f) = -2. Let r(i) = k*b(i) + 2*w(i). Let l be r(-2). Calculate the highest common divisor of l and 44.
4
Let k be 40/(-5) + (2 - 1). Let d = k + 14. Suppose -d*t + 12 = -4*t. Calculate the highest common divisor of t and 10.
2
Let d = -21 + 35. Let l(i) = i**3 - 9*i**2 - 9*i - 8. Let y be l(10). Suppose 168 = -y*f + 5*f. Calculate the greatest common factor of f and d.
14
Suppose -l + 11 = 2*o, 0*o + o - 16 = -4*l. Let c = 8 - o. Suppose -2*t + 3 = -h, -5*h = -c*t - t + 10. What is the greatest common factor of 1 and t?
1
Suppose 2*j = 34 + 236. Calculate the highest common factor of 15 and j.
15
Let n(m) = 2*m**2 - 6*m + 2. Let a be n(4). Let f(c) be the second derivative of c**3 + 2*c. Let p be f(5). What is the highest common divisor of p and a?
10
Let z be 158/14 - 4/14. Suppose 3*w - 12 = -w. Suppose -w*d = -101 - 64. Calculate the highest common factor of z and d.
11
Let v(i) = -13*i + 10. Let n be v(-2). Calculate the greatest common divisor of n and 54.
18
Suppose 294 + 86 = 5*z. What is the greatest common divisor of 114 and z?
38
Suppose 4*r + 66 - 178 = 0. Calculate the greatest common factor of 7 and r.
7
Let k(t) = 89*t**2 - 1. Let i be k(1). Suppose 21*j - 16 = 19*j. What is the highest common divisor of j and i?
8
Suppose z - 1 = -4*v + 6*z, -7 = 2*v - 5*z. Let w(q) = -q**2 + 4*q + 1. Let m be w(3). Suppose -3*c - m = -v*c. Calculate the highest common factor of 6 and c.
2
Let n = -5 + 5. Suppose 3*q - 21 = -2*m - 0*m, n = -3*m - 3*q + 27. What is the highest common factor of 48 and m?
6
Suppose 0 = 2*z - 13 - 1. What is the greatest common divisor of 1 and z?
1
Suppose 5*j = g + 28, 3*g - 10 - 6 = -5*j. Let r = 7 + -2. Let q(s) = 2*s**2 - 5*s - 5. Let a be q(r). Calculate the highest common factor of a and j.
5
Let s = 245 - 146. Calculate the greatest common factor of s and 9.
9
Suppose -100 = 14*y - 19*y. What is the greatest common factor of y and 50?
10
Let z be (-23 - 1)*(-10)/8. What is the greatest common divisor of z and 15?
15
Let k = 71 + -15. What is the highest common factor of 14 and k?
14
Suppose -4*k + 12 = -0*k. Suppose -4*i + 166 = k*r - 231, 2*i = -4*r + 536. Let a = -73 + 88. What is the greatest common factor of a and r?
15
Let l = 24 + -21. Suppose 24 = l*s + 3. What is the greatest common factor of s and 56?
7
Suppose 0 = 4*q - 3*h, 4 - 27 = -5*q - 2*h. What is the greatest common divisor of 4 and q?
1
Suppose -8*h = -15*h + 84. Calculate the greatest common divisor of h and 18.
6
Let l be (6/(-8))/((-2)/8). Suppose 70 = 2*f + l*f. Suppose -3*s = 5*o - 319, -4*s + 238 = 4*o - 174. Calculate the greatest common divisor of f and s.
14
Suppose -5*n + 6*n = 0. Suppose -5*k - 30 = -w, n = -5*w + 2*k - 4*k + 258. What is the highest common factor of 20 and w?
10
Let s(v) = -v**3 + 7*v**2 - 2*v + 8. Let d be s(7). Let g be 6*-1*d/(-9). Let a be (0 - g)/(1 + 0). What is the greatest common divisor of 28 and a?
4
Let o(z) = -z**3 + z + 10. Let b be o(0). Suppose -3 = -p + b. What is the highest common factor of 13 and p?
13
Suppose -8*q + 2*q = -12. Suppose 20 = q*p - p. What is the highest common factor of 100 and p?
20
Let c(u) = -6*u - 3. Let a(g) = 5*g + 2. Let d(s) = 5*a(s) + 4*c(s). Let t = 14 + -9. Let k be d(t). What is the highest common factor of k and 3?
3
Let y(t) = 407*t**3 + 5*t - 406*t**3 - 6*t**2 + t. Suppose 10 = 3*f - 8. Let i be y(f). What is the greatest common factor of 90 and i?
18
Let k be (-4)/6 + 300/18. Suppose -l + k - 1 = 0. What is the greatest common factor of 5 and l?
5
Suppose 10*w - 10 = 5*w. Suppose w*f + 22 = 3*f. What is the highest common divisor of 22 and f?
22
Let n(v) = -1 - 4*v + 10*v + 2*v. Let a be n(1). Let y = 75 - 26. What is the greatest common divisor of y and a?
7
Let j(n) = -13*n - 3. Let y be -1 - (2 - 0 - 0). Let w be j(y). Calculate the highest common divisor of w and 4.
4
Let k = -11 + 11. Let l be 12 + (2 - 1) - k. What is the greatest common divisor of 65 and l?
13
Let y(q) be the first derivative of 5*q**3 - 2*q**2 - 3*q + 2. Let n be y(-2). Calculate the highest common factor of 13 and n.
13
Suppose 0 = 4*i - 4*a - 12, -2*a = -3*i + 2*i + 4. What is the highest common factor of 2 and i?
2
Let q = 33 - 24. What is the greatest common factor of q and 99?
9
Let n = -6 - -5. Let p be 0/9*n/2. Suppose -4*o + 3*g = 33 - 150, 2*o - 4*g - 46 = p. Calculate the highest common factor of o and 3.
3
Let l = -174 - -342. Suppose 0 = n + n - l. What is the highest common divisor of n and 12?
12
Let u be (18/120*8)/(2/40). What is the highest common divisor of u and 72?
24
Let r = -4 + 3. Let t = r - -4. Suppose 4*f - 9 = t*f. Calculate the highest common factor of 99 and f.
9
Let s = 20 + -15. Suppos